{"id":18,"date":"2015-08-21T13:02:31","date_gmt":"2015-08-21T13:02:31","guid":{"rendered":"http:\/\/smoke-factory.de\/carpetcrawler\/?page_id=18"},"modified":"2024-03-26T09:19:57","modified_gmt":"2024-03-26T09:19:57","slug":"tourhazer","status":"publish","type":"page","link":"https:\/\/smoke-factory.de\/tourhazer\/","title":{"rendered":"Deutsch"},"content":{"rendered":"<div id=\"cs-content\" class=\"cs-content\" ><div id=\"x-section-1\" class=\"x-section bg-image parallax\" style=\"margin: px 0 0 0px;padding: 45px 0px; background-image: url(http:\/\/smoke-factory.de\/tourhazer\/wp-content\/uploads\/2015\/11\/Publikum-B\u00fchne-Gegenlicht-blau.jpg); background-color: transparent;\"  data-x-element=\"section\" data-x-params=\"{&quot;type&quot;:&quot;image&quot;,&quot;parallax&quot;:true}\" ><div class=\"x-container max width\" style=\"margin: 0px auto;padding: 0px;\"  ><div  class=\"x-column x-sm x-1-1\" style=\"padding: 0px;\" ><hr  class=\"x-gap\" style=\"margin: 50px 0 0 0;\"><\/div><\/div><div class=\"x-container max width\" style=\"margin: 0px auto;padding: 0px 30px; background-color:rgba(255, 255, 255, 0.5);\"  ><div  class=\"x-column x-sm x-1-1\" style=\"padding: 0px; background-color:hsla(0, 0%, 100%, 0);\" ><h2  class=\"h-custom-headline cs-ta-center h4\" style=\"color: hsl(0, 0%, 0%);\"><span>State of the Art seit \u00fcber 15 Jahren<\/span><\/h2><\/div><\/div><div class=\"x-container max width\" style=\"margin: 0px auto;padding: 0px;\"  ><div  class=\"x-column x-sm x-1-1\" style=\"padding: 0px; background-color:rgba(255, 255, 255, 0.5);\" ><h2  class=\"h-custom-headline cs-ta-center h2\" style=\"color: hsl(0, 0%, 0%);\"><span>Tour Hazer II<\/span><\/h2><\/div><\/div><div class=\"x-container max width\" style=\"margin: 0px auto;padding: 0px;\"  ><div  class=\"x-column x-sm x-1-1\" style=\"padding: 0px; background-color:hsla(0, 0%, 100%, 0.5);\" ><h2  class=\"h-custom-headline cs-ta-center h4\" style=\"color: hsl(0, 0%, 0%);\"><span>von Smoke Factory<\/span><\/h2><\/div><\/div><\/div><div id=\"x-section-2\" class=\"x-section\" style=\"margin: 0px;padding: 45px 0px; background-color: transparent;\"  ><div class=\"x-container max width\" style=\"margin: 0px auto;padding: 0px;\"  ><div  class=\"x-column x-sm x-1-2\" style=\"padding: 0px;\" ><div  class=\"x-video embed with-container\" ><div class=\"x-video-inner\"><iframe width=\"1280\" height=\"720\" src=\"https:\/\/www.youtube.com\/embed\/Iy5-kh1sD00\" frameborder=\"0\" allowfullscreen><\/iframe><\/div><\/div><\/div><div  class=\"x-column x-sm cs-ta-left x-1-2\" style=\"padding: 50px;opacity: 0; transform: translate(0, 200px); transition-duration: 3000ms;\" data-x-element=\"column\" data-x-params=\"{&quot;fade&quot;:true}\"  data-fade=\"true\"><h2  class=\"h-custom-headline h3\" ><span>Dunsterzeuger auf Wasserbasis<\/span><\/h2><\/div><\/div><\/div><div id=\"x-section-3\" class=\"x-section\" style=\"margin: 0px;padding: 45px 0px; background-color: #fafafa;\"  ><div class=\"x-container max width\" style=\"margin: 0px auto 45px;padding: 0px;\"  ><div  class=\"x-column x-sm x-1-3\" style=\"padding: 0px;\" ><h3  class=\"h-custom-headline cs-ta-left h4\" style=\"margin: 0 0 0.15em;\"><span>2 DMX Kan\u00e4le f\u00fcr unsichtbaren Haze oder nebelartigen Aussto\u00df<\/span><\/h3><div class=\"x-text\"  ><p class=\"man\">Der Tour Hazer II wird mit zwei DMX Kan\u00e4len angesteuert. So ist es m\u00f6glich den integrierten L\u00fcfter und die erzeugte Hazemenge unabh\u00e4ngig von einander zu steuern. Mit Hilfe des L\u00fcfters kann der erzeugte Haze weit im Raum verteilt werden. Es wird kein CO2 oder \u00e4hnliches f\u00fcr den Betrieb ben\u00f6tigt.<\/p>\n<\/div><hr  class=\"x-gap cs-hide-xl cs-hide-lg cs-hide-md\" style=\"margin: 20px 0 0 0;\"><\/div><div  class=\"x-column x-sm x-2-3\" style=\"padding: 0px;\" ><img  class=\"x-img man x-img-rounded\"  src=\"http:\/\/smoke-factory.de\/tourhazer\/wp-content\/uploads\/2016\/02\/Hazer-von-unten-mit-Haze.png\" alt=\"Placeholder\"><\/div><\/div><div class=\"x-container max width\" style=\"margin: 0px auto;padding: 0px;\"  ><div  class=\"x-column x-sm x-2-3\" style=\"padding: 0px;\" ><hr  class=\"x-gap\" style=\"margin: 50px 0 0 0;\"><img  class=\"x-img man x-img-rounded\"  src=\"http:\/\/smoke-factory.de\/tourhazer\/wp-content\/uploads\/2016\/01\/halle_blau.png\" alt=\"Placeholder\"><hr  class=\"x-gap cs-hide-xl cs-hide-lg cs-hide-md\" style=\"margin: 20px 0 0 0;\"><\/div><div  class=\"x-column x-sm x-1-3\" style=\"padding: 0px;\" ><hr  class=\"x-gap\" style=\"margin: 50px 0 0 0;\"><h3  class=\"h-custom-headline h4\" style=\"margin: 0 0 0.15em;\"><span>R\u00fcckstandsloser Haze f\u00fcr bleibende Erinnerungen<\/span><\/h3><div class=\"x-text\"  ><p>\u00d6lige R\u00fcckst\u00e4nde geh\u00f6ren der Vergangenheit an. Dank des hochwertigen wasserbasierendem Tour Hazer Fluid m\u00fcssen Sie sich keine Gedanken mehr um R\u00fcckst\u00e4nde auf der B\u00fchne oder in anderem Equipment zu machen. Sparen Sie sich die Zeit f\u00fcr Reinigung und Wartung, um sich auf das wesentliche konzentrieren zu k\u00f6nnen. Kreieren Sie die perfekte Lichtshow und sorgen Sie so bei Ihren G\u00e4sten f\u00fcr einen &#8222;Whow!&#8220; Effekt. <\/p>\n<\/div><\/div><\/div><div class=\"x-container max width\" style=\"margin: 0px auto 45px;padding: 0px;\"  ><div  class=\"x-column x-sm x-1-3\" style=\"padding: 0px;\" ><hr  class=\"x-gap\" style=\"margin: 50px 0 0 0;\"><h3  class=\"h-custom-headline h3\" style=\"margin: 0 0 0.15em;\"><span>Flexibel in allen Lagen<\/span><\/h3><div class=\"x-text\"  ><p>&#8222;Hinter dem Drummer sind nur noch 30cm Platz!&#8220; &#8222;Egal, stell den Hazer einfach Hochkant!&#8220;<br \/>\nDank des geschlossenem und robusten Schlauchsystem im inneren des Tour Hazers kann er auf jede Seite gekippt und betrieben werden. Egal ob auf der Seite liegend oder komplett auf dem Kopf, um den Haze direkt auf den Boden zu lenken. Lediglich die Seite f\u00fcr die Luftzufuhr sollte frei bleiben. Dank des im 45\u00b0 Winkel verstellbaren Luftleitbleches kann die Aussto\u00dfrichtung bequem ge\u00e4ndert werden.<\/p>\n<\/div><hr  class=\"x-gap cs-hide-xl cs-hide-lg cs-hide-md\" style=\"margin: 20px 0 0 0;\"><\/div><div  class=\"x-column x-sm x-2-3\" style=\"padding: 0px;\" ><hr  class=\"x-gap\" style=\"margin: 50px 0 0 0;\"><img  class=\"x-img man x-img-rounded\"  src=\"http:\/\/smoke-factory.de\/tourhazer\/wp-content\/uploads\/2016\/03\/Luftleitblech.gif\" alt=\"Placeholder\"><\/div><\/div><div class=\"x-container max width\" style=\"margin: 0px auto;padding: 0px;\"  ><div  class=\"x-column x-sm x-2-3\" style=\"padding: 0px;\" ><hr  class=\"x-gap\" style=\"margin: 50px 0 0 0;\"><img  class=\"x-img man x-img-rounded\"  src=\"http:\/\/smoke-factory.de\/tourhazer\/wp-content\/uploads\/2016\/02\/Anschluss-detail.png\" alt=\"Placeholder\"><hr  class=\"x-gap cs-hide-xl cs-hide-lg cs-hide-md\" style=\"margin: 20px 0 0 0;\"><\/div><div  class=\"x-column x-sm x-1-3\" style=\"padding: 0px;\" ><hr  class=\"x-gap\" style=\"margin: 50px 0 0 0;\"><h3  class=\"h-custom-headline h3\" style=\"margin: 0 0 0.15em;\"><span>Nur noch ein kleines St\u00fcck!<\/span><\/h3><div class=\"x-text\"  ><p>Dank des PowerCon True1 Anschlusses geh\u00f6ren zu kurze Kabel der Vergangenheit an. Bei Bedarf kann problemlos ein l\u00e4ngeres Kabel mit einem PowerCon True1 Stecker genutzt werden.<br \/>\nDie verwendeten Neutrik Stecker sind bekannt f\u00fcr ihre extreme Robustheit und Zuverl\u00e4ssigkeit. Das Verriegelungssystem verhindert ein unbeabsichtigtes Entfernen des Steckers und ein gefahrloses entfernen des Steckers.<\/p>\n<\/div><\/div><\/div><\/div><div id=\"x-section-4\" class=\"x-section cs-ta-center\" style=\"margin: 0px;padding: 45px 0px 0; background-color: #ffffff;\"  ><div class=\"x-container max width\" style=\"margin: 0px auto 45px;padding: 0px;\"  ><div  class=\"x-column x-sm x-1-1\" style=\"padding: 0px;\" ><h2  class=\"h-custom-headline man h2\" ><span>Der Touringklassiker<\/span><\/h2><hr  class=\"x-hr\" style=\"border-top-width: 1px;\"><div class=\"x-text\"  ><p>Seit der ersten Version im Jahr 2000 ist der Tour Hazer f\u00fcr den mobilen Einsatz entwickelt worden. Robuste Bauteile, die auch einen Sturz von der Laderampe \u00fcberstehen k\u00f6nnen und ein Case, dass allen ben\u00f6tigten Materialien Platz bietet. Deckel auf, Stecker rein und die Show kann beginnen.<\/p>\n<\/div><\/div><\/div><div class=\"x-container marginless-columns\" style=\"margin: 0px auto;padding: 0px;\"  ><div  class=\"x-column x-sm x-1-3\" style=\"padding: 5%; background-color:#f5f5f5;\" ><h2  class=\"h-custom-headline man h3\" ><span>&#8222;S&#8220;<br \/>\nStandard Phenolharz<br \/>\nVintage Look<\/span><\/h2><hr  class=\"x-gap\" style=\"margin: 15px 0 0 0;\"><div class=\"x-text\"  ><p>Seit 2006 ist der Tour Hazer bereits in der &#8222;Standard Phenoharz&#8220; oder auch &#8222;Vintage Look&#8220; Version verf\u00fcgbar. Hergestellt in Deutschland, macht er auch im normalen Touringbetrieb eine gute Figur. Durch die Kugelecken und verwendeten Profile ist der Tour Hazer w\u00e4hrend des Transports und zum gr\u00f6\u00dften Teil auch im Einsatz auf der B\u00fchne gut gesch\u00fctzt.<\/p>\n<\/div><hr  class=\"x-gap\" style=\"margin: 15px 0 0 0;\"><img  class=\"x-img x-img-rounded\" style=\"width:80%;\" src=\"http:\/\/smoke-factory.de\/tourhazer\/wp-content\/uploads\/2016\/02\/Case-PHENOL.png\" ><\/div><div  class=\"x-column x-sm x-1-3\" style=\"padding: 5%; background-color:#e5e5e5;\" ><h2  class=\"h-custom-headline man h3\" ><span>&#8222;SF&#8220;<br \/>\nBLACK<\/span><\/h2><hr  class=\"x-gap\" style=\"margin: 15px 0 0 0;\"><div class=\"x-text\"  ><p>Back in Black.<br \/>\nEbenfalls in Deutschland gefertigt, kommt der Tour Hazer II &#8222;SF&#8220; Black daher. Mit seiner schwarzen Laminierung ist er f\u00fcr den harten B\u00fchneneinsatz geeignet, ohne danach &#8222;runtergerockt&#8220; auszusehen.<\/p>\n<\/div><hr  class=\"x-gap\" style=\"margin: 15px 0 0 0;\"><img  class=\"x-img x-img-rounded\" style=\"width:80%;\" src=\"http:\/\/smoke-factory.de\/tourhazer\/wp-content\/uploads\/2016\/02\/Case-BLACK.png\" ><\/div><div  class=\"x-column x-sm x-1-3\" style=\"padding: 5%; background-color:#d5d5d5;\" ><h2  class=\"h-custom-headline man h3\" ><span>&#8222;A&#8220;<br \/>\nAmptown<\/span><\/h2><hr  class=\"x-gap\" style=\"margin: 15px 0 0 0;\"><div class=\"x-text\"  ><p>In der High-End Version pr\u00e4sentiert sich der Tour Hazer II in einem Amptown Case. Mit dickerem Holz und robusteren Profilen ist er der ideale Partner f\u00fcr eine Welttournee oder den Gro\u00dfverleiher mit mehr als 300 Einsatztagen.<\/p>\n<\/div><hr  class=\"x-gap\" style=\"margin: 15px 0 0 0;\"><img  class=\"x-img x-img-rounded\" style=\"width:80%;\" src=\"http:\/\/smoke-factory.de\/tourhazer\/wp-content\/uploads\/2016\/02\/CASE-Amptown.png\" ><\/div><\/div><\/div><div id=\"x-section-5\" class=\"x-section cs-ta-center\" style=\"margin: 0px;padding: 45px 0px 0; background-color: #ffffff;\"  ><div class=\"x-container max width\" style=\"margin: 0px auto 45px;padding: 0px;\"  ><div  class=\"x-column x-sm x-1-1\" style=\"padding: 0px;\" >&nbsp;<\/div><\/div><div class=\"x-container marginless-columns\" style=\"margin: 0px auto;padding: 0px;\"  ><div  class=\"x-column x-sm x-1-3\" style=\"padding: 5%; background-color:#f5f5f5;\" ><h2  class=\"h-custom-headline man h3\" ><span>Verbrauch<\/span><\/h2><hr  class=\"x-gap\" style=\"margin: 15px 0 0 0;\"><div class=\"x-text\"  ><p>Durch das auf Wasserbasis bestehende Fluid, ist eine saubere Erzeugung von feinem Haze m\u00f6glich. Das Spezialfluid des Tour Hazers erm\u00f6glicht es uns den Verbrauch des Ger\u00e4tes zu minimieren. So ben\u00f6tigt der Tour Hazer II auf 40% Leistung lediglich 1 ml\/min. Ein 5ltr. Kanister Tour Hazer Fog reicht somit f\u00fcr 83 Stunden, also 3,5 Tage durchgehenden Haze. Auf geringerer Einstellung lassen sich Laufzeiten von bis zu 5 Tagen durchgehendem Haze, mit einem 5 ltr. Kanister erzielen.<\/p>\n<\/div><hr  class=\"x-gap\" style=\"margin: 15px 0 0 0;\"><\/div><div  class=\"x-column x-sm x-1-3\" style=\"padding: 5%; background-color:#e5e5e5;\" ><h2  class=\"h-custom-headline man h3\" ><span>Fl\u00fcsterleise<\/span><\/h2><hr  class=\"x-gap\" style=\"margin: 15px 0 0 0;\"><div class=\"x-text\"  ><p>Durch die hochwertigen Bauteile im Tour Hazer II ist ein extrem leiser Betrieb m\u00f6glich. Die Luftpumpe regelt sich im Betrieb automatisch mit dem Fluidaussto\u00df runter, sodass der Hazer wesentlich leiser arbeitet. Somit ist der Tour Hazer II nicht nur im Rock&#8217;n&#8217;Roll Bereich der perfekte Begleiter.<\/p>\n<\/div><hr  class=\"x-gap\" style=\"margin: 15px 0 0 0;\"><img  class=\"x-img x-img-rounded\"  src=\"http:\/\/smoke-factory.de\/tourhazer\/wp-content\/uploads\/2016\/03\/fotolia_92050632.jpg\" ><\/div><div  class=\"x-column x-sm x-1-3\" style=\"padding: 5%; background-color:#d5d5d5;\" ><h2  class=\"h-custom-headline man h3\" ><span>Reinigt sich selbst<\/span><\/h2><hr  class=\"x-gap\" style=\"margin: 15px 0 0 0;\"><div class=\"x-text\"  ><p>Mit dem Off-Mode ist der Tour Hazer II in der Lage, sich nach dem Betrieb selbst zu reinigen. Der Off-Mode kann entweder per Hand gestartet werden oder startet automatisch, nachdem das DMX-Pult f\u00fcr mehrere Sekunden ausgeschaltet wurde. Der Hazer beginnt mit Hilfe der eingebauten Luftpumpe Schl\u00e4uche und das Heizelement zu s\u00e4ubern. So ist eine lange Haltbarkeit der Bauteile gew\u00e4hrleistet.<\/p>\n<\/div><hr  class=\"x-gap\" style=\"margin: 15px 0 0 0;\"><img  class=\"x-img x-img-rounded\"  src=\"http:\/\/smoke-factory.de\/tourhazer\/wp-content\/uploads\/2016\/03\/Display-Off-Animation.gif\" ><\/div><\/div><\/div><div id=\"x-section-6\" class=\"x-section\" style=\"margin: 0px;padding: 45px 0px; background-color: transparent;\"  ><div class=\"x-container max width\" style=\"margin: 0px auto;padding: 0px;\"  ><div  class=\"x-column x-sm x-1-1\" style=\"padding: 0px;\" ><div  class=\"x-card-outer flip-from-bottom center-vertically\" data-x-element=\"card\" ><div class=\"x-card-inner\"><div class=\"x-face-outer front\" style=\"border-width: 0px 0px 0px 0px; border-style: solid; border-color: hsl(185, 59%, 34%); color: #ffffff; background-color: hsl(185, 59%, 50%);\"><div class=\"x-face-inner\"><div class=\"x-face-content\" style=\"padding: 0px 0px 0px 0px;\"><div class=\"x-face-graphic\"><i style=\"margin: 0; font-size: 36px; color: hsl(184, 60%, 18%);\" class=\"x-icon-send-o\" data-x-icon-o=\"&#xf1d8;\"><\/i><\/div><h4 class=\"x-face-title\">Schreiben Sie uns!<\/h4><p class=\"x-face-text\">W\u00fcnschen Sie weitere Informationen oder eine pers\u00f6nliche Beratung?<\/br>Schreiben Sie uns eine kurze Mail und wir werden Sie umgehen kontaktieren.<\/p><\/div><\/div><\/div><div class=\"x-face-outer back\" style=\"border-width: 0px 0px 0px 0px; border-style: solid; border-color: hsl(185, 59%, 34%); color: #ffffff; background-color: hsl(185, 59%, 50%);\"><div class=\"x-face-inner\"><div class=\"x-face-content\" style=\"padding: 0px 0px 0px 0px;\"><h4 class=\"x-face-title\">Wir rufen Sie gern zur\u00fcck!<\/h4><p class=\"x-face-text\">Lassen Sie uns in Ihrer Mail einfach kurz wissen, wie wir Sie am besten erreichen und wir setzen uns mit Ihnen in Verbindung.<\/p><a class=\"x-face-button\" style=\"color: #ffffff; background-color: hsl(185, 59%, 34%);\" href=\"mailto:tourhazer@smoke-factory.de?subject=Tour Hazer Kontakt\">E-mail schreiben<\/a><\/div><\/div><\/div><\/div><\/div><\/div><\/div><\/div><div id=\"x-section-7\" class=\"x-section\" style=\"margin: 0px;padding: 45px 0px; background-color: transparent;\"  ><div class=\"x-container max width\" style=\"margin: 0px auto;padding: 0px;\"  ><div  class=\"x-column x-sm x-2-3\" style=\"padding: 0px;\" ><hr  class=\"x-gap\" style=\"margin: 50px 0 0 0;\"><img  class=\"x-img x-img-rounded\"  src=\"http:\/\/smoke-factory.de\/tourhazer\/wp-content\/uploads\/2016\/03\/Hazer-detail-von-unten.png\" ><\/div><div  class=\"x-column x-sm x-1-3\" style=\"padding: 0px;\" ><div  class=\"x-callout left-text\" ><h2 class=\"h-callout\">Technische Infos<\/h2><p class=\"p-callout\">F\u00fcr weitere technische Informationen, laden Sie sich unser Datenblatt herunter.<\/p><a href=\"http:\/\/smoke-factory.de\/tourhazer\/download\/\" class=\"x-btn\" title=\"Download\" ><i class=\"x-icon-download mvn mln mrs\" data-x-icon-s=\"&#xf019;\"><\/i>Download<\/a><\/div><\/div><\/div><\/div><\/div>\n","protected":false},"excerpt":{"rendered":"State of the Art seit \u00fcber 15 JahrenTour Hazer IIvon Smoke FactoryDunsterzeuger auf Wasserbasis2 DMX Kan\u00e4le f\u00fcr unsichtbaren Haze oder nebelartigen Aussto\u00dfDer Tour Hazer II wird mit zwei DMX Kan\u00e4len angesteuert. So ist es m\u00f6glich den integrierten L\u00fcfter und die erzeugte Hazemenge unabh\u00e4ngig von einander zu steuern. Mit Hilfe des L\u00fcfters kann der erzeugte Haze weit im Raum verteilt werden. ... <div><a href=\"https:\/\/smoke-factory.de\/tourhazer\/\" class=\"more-link\">Read More<\/a><\/div>","protected":false},"author":1,"featured_media":0,"parent":0,"menu_order":0,"comment_status":"closed","ping_status":"closed","template":"template-blank-4.php","meta":[],"_links":{"self":[{"href":"https:\/\/smoke-factory.de\/tourhazer\/wp-json\/wp\/v2\/pages\/18"}],"collection":[{"href":"https:\/\/smoke-factory.de\/tourhazer\/wp-json\/wp\/v2\/pages"}],"about":[{"href":"https:\/\/smoke-factory.de\/tourhazer\/wp-json\/wp\/v2\/types\/page"}],"author":[{"embeddable":true,"href":"https:\/\/smoke-factory.de\/tourhazer\/wp-json\/wp\/v2\/users\/1"}],"replies":[{"embeddable":true,"href":"https:\/\/smoke-factory.de\/tourhazer\/wp-json\/wp\/v2\/comments?post=18"}],"version-history":[{"count":10,"href":"https:\/\/smoke-factory.de\/tourhazer\/wp-json\/wp\/v2\/pages\/18\/revisions"}],"predecessor-version":[{"id":189,"href":"https:\/\/smoke-factory.de\/tourhazer\/wp-json\/wp\/v2\/pages\/18\/revisions\/189"}],"wp:attachment":[{"href":"https:\/\/smoke-factory.de\/tourhazer\/wp-json\/wp\/v2\/media?parent=18"}],"curies":[{"name":"wp","href":"https:\/\/api.w.org\/{rel}","templated":true}]}}